e ten thousands digit of 120681?
2
What is the hundreds digit of 899?
8
What is the tens digit of 642?
4
What is the units digit of 5723?
3
What is the thousands digit of 19330?
9
What is the thousands digit of 3561?
3
What is the thousands digit of 9370?
9
What is the hundreds digit of 5327?
3
What is the units digit of 30365?
5
What is the hundreds digit of 7225?
2
What is the tens digit of 18119?
1
What is the hundreds digit of 931?
9
What is the tens digit of 7964?
6
What is the hundreds digit of 6686?
6
What is the units digit of 103?
3
What is the units digit of 3016?
6
What is the units digit of 491?
1
What is the hundreds digit of 4991?
9
What is the units digit of 103065?
5
What is the units digit of 65?
5
What is the thousands digit of 65755?
5
What is the ten thousands digit of 14836?
1
What is the thousands digit of 33573?
3
What is the ten thousands digit of 27452?
2
What is the units digit of 28517?
7
What is the thousands digit of 4494?
4
What is the thousands digit of 1066?
1
What is the ten thousands digit of 88668?
8
What is the tens digit of 797?
9
What is the thousands digit of 186678?
6
What is the thousands digit of 1663?
1
What is the units digit of 3590?
0
What is the thousands digit of 3400?
3
What is the hundreds digit of 611?
6
What is the tens digit of 1219?
1
What is the units digit of 3761?
1
What is the hundreds digit of 3300?
3
What is the hundreds digit of 23313?
3
What is the thousands digit of 12736?
2
What is the thousands digit of 4750?
4
What is the hundreds digit of 2063?
0
What is the units digit of 14186?
6
What is the units digit of 3492?
2
What is the tens digit of 24382?
8
What is the hundreds digit of 2722?
7
What is the units digit of 110251?
1
What is the ten thousands digit of 17736?
1
What is the hundreds digit of 247?
2
What is the tens digit of 9687?
8
What is the thousands digit of 9256?
9
What is the units digit of 1263?
3
What is the tens digit of 96903?
0
What is the units digit of 66907?
7
What is the hundreds digit of 18072?
0
What is the tens digit of 22539?
3
What is the units digit of 675?
5
What is the tens digit of 9246?
4
What is the tens digit of 11811?
1
What is the tens digit of 23725?
2
What is the hundreds digit of 6574?
5
What is the tens digit of 8027?
2
What is the units digit of 9870?
0
What is the hundreds digit of 1208?
2
What is the thousands digit of 77871?
7
What is the hundreds digit of 10374?
3
What is the thousands digit of 29663?
9
What is the hundreds digit of 946?
9
What is the units digit of 2708?
8
What is the units digit of 12149?
9
What is the hundreds digit of 12786?
7
What is the hundreds digit of 41179?
1
What is the units digit of 4777?
7
What is the tens digit of 1415?
1
What is the hundreds digit of 541?
5
What is the ten thousands digit of 55259?
5
What is the tens digit of 44366?
6
What is the thousands digit of 53518?
3
What is the hundred thousands digit of 117349?
1
What is the hundreds digit of 8937?
9
What is the hundreds digit of 5758?
7
What is the hundreds digit of 869?
8
What is the hundreds digit of 29242?
2
What is the thousands digit of 5089?
5
What is the units digit of 5362?
2
What is the units digit of 66429?
9
What is the tens digit of 428?
2
What is the hundreds digit of 23521?
5
What is the thousands digit of 8772?
8
What is the units digit of 1525?
5
What is the units digit of 660?
0
What is the units digit of 4652?
2
What is the units digit of 939?
9
What is the tens digit of 568?
6
What is the hundreds digit of 5843?
8
What is the hundreds digit of 51500?
5
What is the units digit of 7857?
7
What is the thousands digit of 28971?
8
What is the tens digit of 65134?
3
What is the units digit of 713?
3
What is the tens digit of 16361?
6
What is the ten thousands digit of 85109?
8
What is the tens digit of 2636?
3
What is the ten thousands digit of 89610?
8
What is the tens digit of 88696?
9
What is the ten thousands digit of 24354?
2
What is the units digit of 27781?
1
What is the units digit of 914?
4
What is the thousands digit of 10116?
0
What is the hundreds digit of 42930?
9
What is the thousands digit of 2752?
2
What is the hundreds digit of 2244?
2
What is the units digit of 409?
9
What is the tens digit of 754?
5
What is the units digit of 4289?
9
What is the hundreds digit of 22890?
8
What is the thousands digit of 31585?
1
What is the units digit of 43217?
7
What is the units digit of 62580?
0
What is the thousands digit of 1176?
1
What is the thousands digit of 3724?
3
What is the hundreds digit of 161?
1
What is the ten thousands digit of 57694?
5
What is the hundreds digit of 11326?
3
What is the units digit of 34418?
8
What is the thousands digit of 2413?
2
What is the thousands digit of 7002?
7
What is the units digit of 9399?
9
What is the units digit of 5268?
8
What is the hundreds digit of 4727?
7
What is the ten thousands digit of 53161?
5
What is the hundreds digit of 2708?
7
What is the units digit of 3409?
9
What is the units digit of 52482?
2
What is the tens digit of 5976?
7
What is the units digit of 49509?
9
What is the tens digit of 3821?
2
What is the ten thousands digit of 143825?
4
What is the ten thousands digit of 75689?
7
What is the tens digit of 5543?
4
What is the ten thousands digit of 23520?
2
What is the thousands digit of 1945?
1
What is the thousands digit of 1036?
1
What is the hundreds digit of 194?
1
What is the tens digit of 2125?
2
What is the tens digit of 8576?
7
What is the tens digit of 18518?
1
What is the units digit of 3257?
7
What is the ten thousands digit of 59526?
5
What is the units digit of 109739?
9
What is the units digit of 1888?
8
What is the tens digit of 1319?
1
What is the units digit of 47568?
8
What is the units digit of 114539?
9
What is the units digit of 3582?
2
What is the thousands digit of 61554?
1
What is the thousands digit of 8569?
8
What is the thousands digit of 7554?
7
What is the tens digit of 1020?
2
What is the thousands digit of 11869?
1
What is the tens digit of 102722?
2
What is the thousands digit of 5608?
5
What is the units digit of 155924?
4
What is the units digit of 26350?
0
What is the thousands digit of 8583?
8
What is the units digit of 22063?
3
What is the thousands digit of 4898?
4
What is the units digit of 1099?
9
What is the units digit of 5597?
7
What is the units digit of 10913?
3
What is the units digit of 9928?
8
What is the units digit of 2665?
5
What is the hundreds digit of 912?
9
What is the ten thousands digit of 10013?
1
What is the tens digit of 43276?
7
What is the units digit of 5242?
2
What is the units digit of 8765?
5
What is the units digit of 30795?
5
What is the thousands digit of 1116?
1
What is the units digit of 2999?
9
What is the hundreds digit of 22422?
4
What is the hundreds digit of 329?
3
What is the tens digit of 16234?
3
What is the hundreds digit of 727?
7
What is the ten thousands digit of 12317?
1
What is the ten thousands digit of 28595?
2
What is the units digit of 5613?
3
What is the units digit of 97?
7
What is the units digit of 1208?
8
What is the hundreds digit of 25612?
6
What is the hundreds digit of 92845?
8
What is the tens digit of 15426?
2
What is the thousands digit of 5632?
5
What is the hundreds digit of 567?
5
What is the units digit of 804?
4
What is the thousands digit of 80500?
0
What is the units digit of 6966?
6
What is the thousands digit of 7536?
7
What is the units digit of 117320?
0
What is the ten thousands digit of 38320?
3
What is the tens digit of 990?
9
What is the units digit of 1061?
1
What is the units digit of 937?
7
What is the hundreds digit of 4888?
8
What is the units digit of 3507?
7
What is the units digit of 1920?
0
What is the ten thousands digit of 15141?
1
What is the tens digit of 337?
3
What is the thousands digit of 3708?
3
What is the thousands digit of 5679?
5
What is the tens digit of 803?
0
What is the thousands digit of 9199?
9
What is the tens digit of 140124?
2
What is the tens digit of 3164?
6
What is the units digit of 83707?
7
What is the units digit of 70475?
5
What is the hundreds digit of 1566?
5
What is the units digit of 7869?
9
What is the hundreds digit of 13441?
4
What is the thousands digit of 79651?
9
What is the tens digit of 3624